the value of (50 + 10 - 23) + -61?
-24
Evaluate 1 + -8 - (13 + 10 + -24).
-6
What is the value of -14 + 18 + 0 + -15?
-11
What is the value of (-11 - -28) + 8 + -17 + 15?
23
What is the value of -1887 - -1819 - (1 - 40)?
-29
What is the value of (-12 - (-2 + -1)) + -38 + 72?
25
What is the value of (-8 - 0) + (-17 - (-73 - -74))?
-26
7 + 29 + -16 - 50
-30
What is the value of 15 + -25 + -29 + 21?
-18
-2 - (4 - (5 - (5 - (6 - 0))))
0
Calculate 10 + (5 - 10) + -14 + 2 + 22.
15
Evaluate 10 + (-6 - 17 - -16) + 1.
4
Evaluate -1 + (-25 - -36 - 7).
3
(3 - (13 + -2) - -3) + 3 + -4
-6
Evaluate (7 + -1 - (12 - 27)) + -6 + 1.
16
Calculate 7 + (-4 - (-14 + 0) - (36 + -31)).
12
Calculate (2 - 3 - 3) + -7.
-11
Calculate -3 - (-13 + -1 + 13 - -12).
-14
What is (-5 - -1) + (-47 - (36 + -101))?
14
38 + (-11 + 3 - (-41 - -36) - 5)
30
Evaluate -24 + (6 - (11 + -8 + -9)).
-12
What is (0 + 13 - (-1 + 6)) + (19 - 13)?
14
-3 - 2 - (2 - -2 - (12 + -3))
0
Evaluate 2 - (7 - (-8 + 0 + 17)).
4
What is 2 + -12 + -3 + 3?
-10
Calculate 2 - (38 + -28 + -31).
23
Evaluate 7 + -13 + (29 - 15) - 11.
-3
What is -20 + (-10 - -17) + (-3 - -16)?
0
What is 0 + 6 - (-18 + 33) - 2?
-11
Evaluate -24 + (6 - (6 + -13) - 0).
-11
Evaluate -16 - -22 - (2 + (3 - 3)) - -9.
13
What is the value of (11 + 2 - 4) + (7 - -18)?
34
What is the value of (-3605 - -3632) + (0 - (6 - -1))?
20
What is the value of (-9 - -6) + 5 + -9 - -29 - 6?
16
Calculate -5 + (-5 - -10) + -9 - -14.
5
What is (-33 - -11 - -9) + 1 - 2?
-14
Calculate -10 + 6 + (-22 - -27).
1
What is the value of -6 + (9 - (-11 - (-27 - (3 - 13))))?
-3
What is the value of (-2 - (-5 + -5 + 2)) + 0 + -13?
-7
Evaluate 23 - (21 - -4 - -17).
-19
18 + (-8 - -12) - 15
7
Calculate -4 + -3 + 5 + (1 - 7 - -3).
-5
3 - 4 - (-27 + 28)
-2
-14 - ((29 - 15) + -27)
-1
Calculate 20 - (15 - (-35 - -25)).
-5
19 + -1 - (353 + -343)
8
Calculate 1 - -15 - (1021 + -1024).
19
What is -5 + -2 + (-11 - (2 + -23 + 11))?
-8
Evaluate 1465 + -1478 + 5 + -2 + 1.
-9
38 + -38 - (-14 + (-2 - (-4 - 1)))
11
5 - (4 + 5) - (-2 - 7) - 9
-4
What is 11 + -17 + 14 + -17 + 1 - 2?
-10
Evaluate 18 + -34 + 16 - (-1 - 0).
1
Calculate -4 + 3 + 0 - (12 - (-22 - -18)).
-17
20 - ((47 - 26) + -13)
12
(34 - (3 + 27)) + -12 + -2
-10
10 + (16 - -2) + (138 - 141)
25
Evaluate -8 + -2 - (-10 + (1 - 4) + 9).
-6
Evaluate -8 + (-3 + 7 - -2) + -2.
-4
What is the value of 14 + -7 + 13 + -2 - (-17 + 18)?
17
What is 3 - ((-4 - -21) + 1 + -7 - -7)?
-15
Evaluate (-6 - 9) + -1 - -24.
8
What is 1 + -462 + 449 + 0 + 7?
-5
Evaluate 0 + (-2 - -5) - 6 - 9.
-12
Evaluate 11 - (1 - 0 - (1 - (0 - 0))).
11
What is 22 - ((-26 - -21) + 15)?
12
-3 + 13 - (37 + -10)
-17
Calculate (-3 - (-55 - -30)) + -22.
0
Evaluate (81 + -94 - (-1 - 6)) + 13.
7
What is the value of -17 + 7 + 0 + 8 + -2 - -9?
5
What is the value of 7 + -14 + -28 - -19?
-16
Evaluate (-28 - 0) + (457 - 455).
-26
Calculate (16 - (-5 - -24)) + (2 - -8).
7
What is -19 - (43 - 21 - 50)?
9
Calculate 0 + 0 - (15 + (-9 - -4)).
-10
0 + 4 - (22 + -6 + -5)
-7
8 - ((10 - (-10 + 9)) + -1 + -1)
-1
Calculate (10 - (15 + -15)) + -10.
0
Calculate (6 - 0) + 7 + (-1 - (-15 - -12)).
15
What is -10 - (-4 - (2 + 3 + -7))?
-8
6 + 1 + (-9 + 8 - (1 + 11))
-6
Calculate -4 - (8 + 8) - (-4 + -3).
-13
Calculate (-2 - ((5 - -2) + -3)) + (-5 - -35).
24
6 + -22 + 5 - (-15 + (-14 - -35))
-17
Evaluate -9 - 2 - -15 - (6 + (46 - 10)).
-38
What is the value of -1 + -3 + -4 + 4 + -1?
-5
What is 35 + -9 + -13 + (-1 - 1)?
11
-11 + (-11 - (13 + -22))
-13
Calculate (21 - (-9 + 9 + 24)) + 6 + 0.
3
What is the value of (-7 - -4) + (7 + -14 - -8)?
-2
What is the value of (-14 - (4 - 8)) + (4 + 21 - 17)?
-2
(1 - 2) + 3 + (-18 - -15)
-1
Evaluate -49 + 40 - (0 + 3 - (10 - 1)).
-3
1 - -8 - ((-17 - 90) + 103)
13
-10 - (-1 + 4) - (1 + -2 + -2)
-10
Calculate 0 + 7 + 5 + (-14 - -3) + -1.
0
Evaluate (-10 + 14 + -12 - (-8 - -3)) + 14.
11
Evaluate 13 + 2 + (220 - 237).
-2
What is (24 - (8 - -29)) + 14?
1
What is 15 + -10 - (-3 + 4 - 2 - 5)?
11
Evaluate 2 + 1 - (16 - (-26 + 9 + 12)).
-18
What is (25 - -27) + -47 - (1 - -3)?
1
Calculate -7 + 2 + 7 + -3 + (3 - 12).
-10
Evaluate 22 + -15 + 1 + (-4 - (-1 - -13)).
-8
Evaluate -17 - (19 + 6 + -25).
-17
-27 + (21 - -8) + -20
-18
Evaluate 3 - (-9 - 5 - -7 - -21).
-11
Evaluate -1 + 7 + 75 + -71 + -1 + 1.
10
-8 - -2 - (-21 + (5 - 2))
12
Calculate 17 - 35 - (-20 + -22).
24
What is the value of -17 + (-15 - (-35 - (10 + -25)))?
-12
What is the value of 1 - 13 - (7 + -47) - 5?
23
What is the value of 9 + (-22 + -6 - -21)?
2
Evaluate (3 - 8) + 1 + -2 - (25 + -9).
-22
Evaluate (29 - 24) + -29 - 4.
-28
Calculate -41 - (-17 - 0) - -4.
-20
-2 + (-5 - 1 - (-15 + 14)) + 9
2
What is the value of -19 + -1 - (-5 + -14 + 12)?
-13
What is the value of (5 - (39 - 24)) + (7 - -2) + 0?
-1
What is 10 + 18 + -3 + -8?
17
Evaluate -19 + -15 + 39 - (-1 - (2 - 30)).
-22
What is (36 + 4 - -28) + -40?
28
Calculate -17 + 34 + -1 + -9.
7
What is 1 + (-2 - (0 + -8)) - (2 + 3)?
2
What is -143 - -167 - (33 + -3)?
-6
Calculate -10 + 37 + -21 + -26.
-20
Evaluate 98 + -40 + -53 + 1 + -9.
-3
-19 + 14 + 9 + 1 + -2
3
Evaluate -15 + -8 + 27 + -3.
1
What is 7 - (-8 - (-23 - -1)) - -6?
-1
What is the value of -3 + -1 + (-269 - -273) + (-1 - -3)?
2
Evaluate 13 + -15 + 0 + 9.
7
Evaluate -43 + ((8 - 10) + -6 - (3 + -18)).
-36
Calculate (-5 - -1) + -13 + 2 + (2 - -2).
-11
What is -14 + (2 - 3) + (3 - (3 + -1))?
-14
(7 - 26) + 19 - 19
-19
(-3 - ((6 - 1) + 3)) + 9
-2
Evaluate 5 + -2 + -16 + 2.
-11
1 + 2 + (-18 - -7 - -4)
-4
Calculate (-3 - 19) + 31 - (-1 + 3).
7
Evaluate 20 - -2 - (-48 - -61).
9
What is the value of -8 + 18 + -9 + (-1 - -1) + -6?
-5
What is (2 - 1) + 6 + -24 - (-21 + 18)?
-14
Calculate 9 + -1 - ((-22 - -24) + (-1 - -2)).
5
Evaluate -2 + (-4 - 4) + -3 - 8.
-21
What is -23 + (-54 - -26 - -76)?
25
Calculate 10 + (-2 - (7 + -4)).
5
(-8 - 4 - 24) + 24
-12
(-6 - -12 - (-37 + 10)) + -11
22
What is the value of 3 - (-8 - (-6 + -2 + 7)) - 24?
-14
Calculate (0 - (8 - 0)) + -27 + -20 + 45.
-10
What is the value of -3 + 0 - (2 + -16)?
11
(-15 - (1 + -1 + 9)) + 3 + 2
-19
Evaluate -57 + 37 - (-6 + 18 - (1 - -1)).
-30
3 + 11 - (13 - 2)
3
Evaluate -29 + (-3 - 1 - -6) + 1 + 3.
-23
1 + -16 + 9 - (0 + 2 + 6)
-14
What is the value of 1 - (6 - (-2 + 0 + 5)) - 10?
-12
Calculate 3 + (-13 - -17 - 2) - (1 + 3).
1
15 - (21 + -15) - -9
18
Evaluate 34 + -3 - ((7 - 3) + (-6 - -9)).
24
Calculate 30 - (45 + -24) - (-1 - -23).
-13
What is the value of 29 + -19 - (1 - (-29 + (-7 - -4)))?
-23
(5 - 6) + (1 - (6 - 6))
0
Evaluate 12 + 37 + -12 + -45.
-8
(30 - 4) + (-23 - -12) + 0
15
What is 22 - 44 - -28 - ((-1 - 0) + -4)?
11
What is (81 - 54 - 12) + -1 + 3?
17
What is 15 - (-12 + 30 + 8)?
-11
What is 24 - (29 + -17) - 5?
7
What is (34 + -14 - 11) + (1 - -3) + 11?
24
What is 4 - (5 + -4 + (-7 - 1))?
11
What is -9 + (-13 + 34 - 14) - 11?
-13
What is ((1 - 7) + 3 - 1) + (-114 - -116)?
-2
What is the value of -8 - (9 - 13 - 6)?
2
What is the value of 4 + -2 + (1 - (-9 + 11))?
1
Calculate 20 - 26 - (0 - 4) - 6.
-8
Calculate -34 - (5 - (2 + (22 - 11))).
-26
What is the value of -5 - ((-8 - (-7 - 1)) + -3)?
-2
What is the value of -1 - ((3 + -2 - -5) + -6) - -11?
10
Calculate 1 + -3 - (26 + -4 + 6).
-30
What is the value of 3 + 15 + (-10 - (-13 + 14 + -9))?
16
What is 24 + -2 + (2 + -6 - (0 - 1))?
19
What is (0 - 14) + -2 - (-2649 - -2628)?
5
-20 - (9 - 7 - (13 + 1))
-8
Evaluate -39 + (-3 + -7 + 13 - -10).
-26
What is 27 - (2 - 6 - (10 + -13 + 4))?
32
What is the value of -7 - (-6 + (4 - (4 - 7)))?
-8
Evaluate 36 + -1 - (-134 - -166).
3
Calculate -7 + 36 + -64 + 54.
19
-8 + (7 - ((-5 - -4) + 11))
-11
-2 + 26 - (13 + -11 + 8)
14
Calculate -29 - (-61 - (6 + -28)).
10
What is (11 - 10) + -14 + -3 + 3?
-13
Evaluate -631 + 658 + (-1 - -4).
30
Calculate 18 + 23 + -4 - 16.
21
Evaluate -1 - (3 + -7 + -7 + -1).
11
What is -22 + 31 + (-7 + 0 - 7)?
-5
Calculate 10 - 2 - (-28 + 3 + -3).
36
Evaluate -69 + 62 - (-27 - (-1 - 3)).
16
33 + -29 - (3 + 1 + 2 + 15)
-17
What is (-8 + 16 - 8) + -1 + -5 + -5?
-11
Calculate 6 + -4 + 0 + 0 - (107 - 109).
4
What is (-3 - (8 + -24 + 7) - -1) + -19?
-12
-25 - (42 + -65 + 17)
-19
What is 5 + -5 - (14 - 4 - 3)?
-7
What is the value of 0 + (-8 - (10 - (1 - -3)))?
-14
Calculate 0 + -7 + 17 + 6 + -10 + -1.
5
What is th